 the second derivative of -u**5/20 + 11*u**4/12 - 5*u**3/6 - 3*u**2 - 5*u. Is k(7) a prime number?
False
Is 27/45 + ((-19752)/10)/(-3) a composite number?
False
Suppose 3*t + 109 - 706 = 0. Is t prime?
True
Let l = 24 - 3. Suppose t - 25 = l. Let x = 111 - t. Is x a prime number?
False
Suppose 5*j = 8*j - 4863. Is j a composite number?
False
Suppose 9*g + 0*g - 7677 = 0. Is g a composite number?
False
Let r = 58 + -39. Suppose 4*l + c - 61 = 0, 0*l - r = -l - 4*c. Is l a prime number?
False
Suppose -210 = -0*q - 5*q. Let v = -5 + 7. Is q/v + 0/1 prime?
False
Suppose 0 = 3*v + 5*x - 244, -2*v + 0*x + 169 = -3*x. Is v prime?
True
Suppose -15 = -3*x, -l + 4*x = -3*l + 810. Is l a prime number?
False
Suppose 1 = 4*m - 2*m - 3*q, 3 = m - 4*q. Let i(z) = -747*z. Let f be i(m). Let y = -488 + f. Is y prime?
False
Let m(r) = r**3 - 7*r**2 - 6*r + 7. Let x be m(8). Is 1 - (-1 + (0 - x)) composite?
True
Let v(d) = d**2 + 9*d - 1. Let j be v(7). Suppose -4*o + j = -1121. Suppose 0*p - o = -4*p. Is p a prime number?
False
Let k = -20 - -35. Is k composite?
True
Let o(i) = i**3 + 11*i**2 + 3*i + 12. Let z be o(-11). Let t = z - -61. Let m = -5 + t. Is m a prime number?
False
Suppose -3 - 1 = -4*d, 11 = 3*k + 5*d. Suppose -k = -z - 0*z. Suppose z*t - 38 = 68. Is t a composite number?
False
Let j be 2/7 - 2241/(-21). Let s(u) = u**2 + 3*u - 24. Let y be s(-7). Suppose x - 37 = -y*i, -j - 55 = -5*x + 3*i. Is x prime?
False
Suppose 5*q - 220 = 4*q. Let g = -111 + q. Is g composite?
False
Suppose 5*g + 998 - 2853 = 0. Is g prime?
False
Suppose 2*i + 196 = 4*n, 0*i = 4*n - 3*i - 192. Is n prime?
False
Suppose 0*c - 3*c + n + 51 = 0, -5*n = 3*c - 51. Suppose 2*r + 3*y = -c, 3*r + 2*y + 13 = -0*y. Is -74*1/(r*2) a composite number?
False
Is 1637/2*(-30)/(-15) composite?
False
Let p be ((-1)/2)/(3/(-792)). Let l be 3/(3*-3)*-9. Suppose -117 - p = -l*t. Is t prime?
True
Suppose -2*n + 1324 = 2*n. Is n composite?
False
Let l = -40 - -61. Is l composite?
True
Let o(i) = -i - 7. Let v be o(-9). Is ((-20)/30)/(v/(-159)) composite?
False
Suppose 0 = u + 2*v + 300 - 1255, 0 = 2*u - 3*v - 1910. Is u a prime number?
False
Let g(j) = -j**2 + j + 2. Let c be g(3). Let k(f) = -7*f**2 - f - 4. Let u(r) = 8*r**2 + 2*r + 4. Let s(v) = c*u(v) - 5*k(v). Is s(3) prime?
False
Suppose 2*c = -2*v + 4*c + 262, 667 = 5*v - c. Is v a composite number?
True
Let z(q) = q**2 - 3*q + 2. Let c = 8 + -4. Let v be z(c). Is (-106)/3*v/(-4) composite?
False
Let k(i) = -i**3 + 5*i**2 + 2*i - 4. Is k(5) prime?
False
Let r(i) = -i + 1. Let b be r(1). Suppose 5*x = -2*k + 8, 0 = -5*x - 0*k + 4*k - 16. Suppose x = -b*l - l + 65. Is l a prime number?
False
Let w be 60/(-8)*4/6. Let m(t) be the second derivative of t**5/20 + 7*t**4/12 + t**3 - 7*t**2/2 - 2*t. Is m(w) composite?
False
Suppose 10*z + 142 = 512. Is z a prime number?
True
Let u be (18/5)/((-1)/10). Let z be (-2 + -1 - -2)*83. Let v = u - z. Is v prime?
True
Let z = 886 - 592. Let b be 56/4 - (0 - -1). Let w = z + b. Is w a prime number?
True
Suppose 1173 + 3159 = 3*z. Let q = z + -893. Is q prime?
False
Let a(s) = -s**2 + 6*s - 1. Let m be a(5). Let p = 3 - m. Is (1 + -2 - 20)/p prime?
False
Suppose -3*b + 6*b = 249. Is b a prime number?
True
Is 4/1 + -4 - -127 a composite number?
False
Let t = 352 + -119. Is t composite?
False
Is 2*155 + (0 + -3 - 0) a prime number?
True
Suppose -9*y + 4*y = -20. Let i be (118/y)/(1/(-2)). Let z = i + 106. Is z a composite number?
False
Let t(h) = -h**3 + 3*h**2 + 5*h - 4. Let u be t(4). Suppose -5*c = -u*c - 335. Is c a prime number?
True
Is 1*6508/8 - (-2)/(-4) prime?
False
Let n be 10398/14 + 4/14. Suppose -y = 2*b + 78 - n, -y + 1335 = 4*b. Is b composite?
True
Suppose -3*k + 17 - 5 = 0. Suppose 0*j + 340 = k*j. Is j a composite number?
True
Suppose r = 6*r + 4*m, 5*r = -5*m. Suppose x + 2*x - 99 = r. Is x prime?
False
Suppose 0 = 3*n - 10 + 1. Suppose 4*z = -n*p + 1432, -280 - 794 = -3*z + 3*p. Is z a prime number?
False
Let x be 3/6 - (-239)/2. Let z = x - 34. Suppose 0 = -4*t + 54 + z. Is t composite?
True
Is (-159978)/(-30) - 6/(-45)*3 a prime number?
True
Let b(k) = -2*k**3 + 2*k**2 - k - 1. Let r be b(2). Is 2*(-3)/6*r composite?
False
Let z be (-1 - 1)*(-2)/(-4). Is 88 - (z - -2)/(-1) a composite number?
False
Let w(i) = -5*i**2 - 2*i - 32. Let a(n) = -3*n**2 - n - 21. Let u(t) = 8*a(t) - 5*w(t). Is u(7) composite?
True
Suppose -3*a + 4*l = 2*a - 71, 2*a - 2*l - 28 = 0. Is a a composite number?
True
Let j(i) = 7*i**3 + 2*i**2 - 8. Let x(c) = 13*c**3 + 3*c**2 - 15. Let y(z) = 11*j(z) - 6*x(z). Is y(3) a composite number?
False
Let p(d) = -50*d + 9. Let r(m) = 50*m - 10. Let x(y) = -5*p(y) - 4*r(y). Is x(3) a composite number?
True
Suppose -5*i + 5*c = -35, -40 + 5 = -5*i - 5*c. Suppose 3*g + i = 64. Is g a composite number?
False
Let q(a) = 18*a - 4. Let p = 7 - 4. Let d be q(p). Let s = d + -25. Is s composite?
True
Let f = 1299 + -740. Is f a prime number?
False
Let f be (-6)/4*3288/(-9). Suppose 4*s = -3*o + 885, 2*s - f + 108 = -2*o. Suppose 7*b - 2*b - s = -2*g, g = 4*b - 167. Is b composite?
False
Let s = 1 - -2. Suppose 0 = -5*v - s - 2. Is v/(-3) + (-230)/(-3) a prime number?
False
Let r(g) = g**2 + g - 63. Let u = 3 + -3. Let z be r(u). Let x = 112 + z. Is x a composite number?
True
Let r = 3620 + -2559. Is r a composite number?
False
Let l(y) be the third derivative of y**4/8 + 7*y**3/6 + y**2. Is l(5) a prime number?
False
Let s = 6 + -4. Suppose 4*k - 3*p + 1 = -2, s*k - 3 = 3*p. Is (-2)/(-6) - 65/k prime?
False
Let q = -2 + 2. Suppose 0 = 4*z - q*z - 596. Is z a composite number?
False
Let s be 12*(9/(-6) - -1). Is (-1107)/s + 1/2 prime?
False
Suppose -3*v + 3*m - 121 = -v, -5*m = -5*v - 315. Let p(h) = 23*h. Let f be p(-5). Let i = v - f. Is i a prime number?
True
Let k = 118 - 27. Is k composite?
True
Suppose 4*t - 5432 = 4*y, 4729 = 5*t + y - 2079. Is t a prime number?
True
Suppose 5*v - 288 = 197. Is v prime?
True
Suppose 9 = -3*b + 195. Is b prime?
False
Suppose -3*b = 4*a - 236, -3*b - 208 = -4*a + b. Is (-3)/(-7) + 8880/a prime?
False
Let q = -2 - -4. Suppose -4*j + 220 + 334 = q*u, -j = 5*u - 134. Is j composite?
False
Let r(g) be the second derivative of 5*g**3/6 + 2*g**2 - 4*g. Is r(7) a composite number?
True
Let i = -9 + 2. Let j(s) = s**3 + 10*s**2 + 0*s**3 - 2*s**2 - 4*s. Is j(i) a composite number?
True
Suppose -65 = 3*h + 91. Let p = h - -105. Is p prime?
True
Suppose -4*k = -4*b + b + 1203, 0 = -2*b + k + 797. Is b composite?
False
Suppose -9*n + n = -848. Is n prime?
False
Suppose 25 = -5*a, 2*x = 5*a + 100 + 121. Let g = 43 - x. Let p = g + 92. Is p a composite number?
False
Let j = -10 - -10. Let r = j + 109. Is r prime?
True
Let u be (-4)/(-6)*6*5. Is (-1)/5 + 4464/u prime?
True
Suppose 8*f - 13*f = -460. Suppose 3*x = -x + 220. Let b = f - x. Is b a composite number?
False
Suppose 7*j - 22*j + 6105 = 0. Is j a prime number?
False
Let h be (-68)/(-12) - 2/3. Suppose 5*s + 4*z - 19 = 0, -h*s + 0*z = -4*z - 11. Suppose 35 = 4*m - s*m. Is m a prime number?
False
Let y(n) = 15*n**2 - n - 5. Is y(-6) composite?
False
Let v = 1457 - 502. Is v composite?
True
Suppose -19 = -z + 14. Suppose 4*r = 2*a + 322, -r + a + 73 = 2*a. Let y = r + z. Is y a composite number?
True
Let u(a) = -3*a. Suppose -j - 5*i + 14 = -0*j, -5*i + 18 = 2*j. Let n be u(j). Let r = 38 + n. Is r prime?
False
Let y(g) = -g - 5. Let b(n) = 4. Let d(m) = -4*b(m) - 3*y(m). Let t be d(7). Is 432/t + (-3)/5 a composite number?
True
Let o(x) = x + 223. Suppose 0*q + 2*q = 0. Is o(q) a composite number?
False
Suppose -3*p = -5*p - 3*k + 1123, -2*p - 2*k + 1118 = 0. Let q = p + -331. Is q a composite number?
False
Let t(k) be the third derivative of -9*k**5/20 - k**4/24 + k**3 + k**2. Let n(y) = 54*y**2 + 3*y - 11. Let q(l) = 3*n(l) + 5*t(l). Is q(2) composite?
False
Let o(m) = -m**3 + 7*m**2 + 8*m - 4. Let a be o(8). Let r = a - -7. Let p = 16 + r. Is p a prime number?
True
Suppose o - 31 = -3*o - 3*l, 0 = -2*o + 5*l - 17. Suppose o = -2*r - 5*y - 5, 4*y = 5*r + 39. Let n = r - -16. Is n prime?
False
Let r(v) = -29*v + 11. Is r(-4) composite?
False
Let s = -13 - -16. Suppose 3*h + 2*p - 633 = 0, 3*h - 633 = s*p - p. Is h prime?
True
Suppose -3*x = 4*l - 1123, 0 = 2*x + x - 2*l - 1153. Is x prime?
False